{"id":259,"date":"2020-12-02T18:54:06","date_gmt":"2020-12-02T18:54:06","guid":{"rendered":"https:\/\/madameplanb.de\/startseite\/?page_id=259"},"modified":"2021-03-14T10:54:47","modified_gmt":"2021-03-14T10:54:47","slug":"startseite","status":"publish","type":"page","link":"https:\/\/madameplanb.de\/startseite\/","title":{"rendered":""},"content":{"rendered":"\n<p>Der DIY-Blog f\u00fcr au\u00dfergew\u00f6hnliche Ideen!<\/p>\n\n\n\n<p class=\"has-drop-cap\">Ich freu mich, dass du meinen Blog besuchst. Hier findest du DIY-Projekte jeglicher Art angefangen von Geschenkideen \u00fcber Dekorationen f\u00fcr euer Zuhause bis hin zu Upcycling Ideen. In meinem Blog kannst du Bastelanleitungen f\u00fcr au\u00dfergew\u00f6hnliche und kreative DIY-Projekte finden. Bei den eingesetzten Techniken bin ich vielseitig aufgestellt. Bei mir kommen nicht nur Schere und Kleber zum Einsatz, sondern auch Schleifpapier, S\u00e4ge, Bohrmaschine oder Schnitzwerkzeug. Wenn du es genauso liebst zu Basteln und etwas mit deinen eigenen H\u00e4nden zu erschaffen wie ich, klick dich doch mal durch meine Projekte und lass dich inspirieren. Wenn etwas gut oder weniger gut geklappt hat, lass mir doch einen Kommentar da. Ich helfe dir bei Fragen gern weiter!<\/p>\n\n\n\n<p class=\"has-text-align-center has-text-color\" style=\"color:#090909\">Eure Steffi<\/p>\n\n\n\n<p><\/p>\n\n\n\n<p>Neueste Beitr\u00e4ge<\/p>\n\n\n<ul class=\"wp-block-latest-posts__list is-grid columns-2 wp-block-latest-posts\"><li><div class=\"wp-block-latest-posts__featured-image alignleft\"><img loading=\"lazy\" decoding=\"async\" width=\"2400\" height=\"1300\" src=\"https:\/\/madameplanb.de\/wp-content\/uploads\/2022\/04\/PXL_20220402_170854142-2400x1300.jpg\" class=\"attachment-primer-hero size-primer-hero wp-post-image\" alt=\"\" style=\"\" \/><\/div><a class=\"wp-block-latest-posts__post-title\" href=\"https:\/\/madameplanb.de\/startseite\/kreatives-wohnen\/deko\/blumenkranz\/\">Blumenkranz<\/a><\/li>\n<li><div class=\"wp-block-latest-posts__featured-image alignleft\"><img loading=\"lazy\" decoding=\"async\" width=\"2400\" height=\"1300\" src=\"https:\/\/madameplanb.de\/wp-content\/uploads\/2022\/01\/20220129_135343-2-2400x1300.jpg\" class=\"attachment-primer-hero size-primer-hero wp-post-image\" alt=\"\" style=\"\" \/><\/div><a class=\"wp-block-latest-posts__post-title\" href=\"https:\/\/madameplanb.de\/startseite\/geschenkideen\/abstrakte-kunst-alcohol-ink\/\">Abstrakte Kunst &#8211; Alcohol ink<\/a><\/li>\n<li><div class=\"wp-block-latest-posts__featured-image alignleft\"><img loading=\"lazy\" decoding=\"async\" width=\"2323\" height=\"1300\" src=\"https:\/\/madameplanb.de\/wp-content\/uploads\/2022\/01\/PXL_20220123_090654277-scaled-e1642929846682-2323x1300.jpg\" class=\"attachment-primer-hero size-primer-hero wp-post-image\" alt=\"\" style=\"\" \/><\/div><a class=\"wp-block-latest-posts__post-title\" href=\"https:\/\/madameplanb.de\/startseite\/geschenkideen\/altes-bild-leinwand\/\">altes Bild<\/a><\/li>\n<li><div class=\"wp-block-latest-posts__featured-image alignleft\"><img loading=\"lazy\" decoding=\"async\" width=\"2400\" height=\"1300\" src=\"https:\/\/madameplanb.de\/wp-content\/uploads\/2022\/01\/20210626_163014-2400x1300.jpg\" class=\"attachment-primer-hero size-primer-hero wp-post-image\" alt=\"\" style=\"\" \/><\/div><a class=\"wp-block-latest-posts__post-title\" href=\"https:\/\/madameplanb.de\/startseite\/kreatives-wohnen\/diy-vorrichtung-fuer-fingerzinken\/\">DIY Vorrichtung f\u00fcr Fingerzinken<\/a><\/li>\n<li><div class=\"wp-block-latest-posts__featured-image alignleft\"><img loading=\"lazy\" decoding=\"async\" width=\"2400\" height=\"1300\" src=\"https:\/\/madameplanb.de\/wp-content\/uploads\/2021\/05\/20210322_072239-2400x1300.jpg\" class=\"attachment-primer-hero size-primer-hero wp-post-image\" alt=\"\" style=\"\" \/><\/div><a class=\"wp-block-latest-posts__post-title\" href=\"https:\/\/madameplanb.de\/startseite\/kreatives-wohnen\/couchtisch-aus-ehemaligen-balkonbrettern\/\">Couchtisch &#8211; aus ehemaligen Balkonbrettern<\/a><\/li>\n<li><div class=\"wp-block-latest-posts__featured-image alignleft\"><img loading=\"lazy\" decoding=\"async\" width=\"2400\" height=\"1300\" src=\"https:\/\/madameplanb.de\/wp-content\/uploads\/2021\/03\/20210313_102501-2400x1300.jpg\" class=\"attachment-primer-hero size-primer-hero wp-post-image\" alt=\"\" style=\"\" \/><\/div><a class=\"wp-block-latest-posts__post-title\" href=\"https:\/\/madameplanb.de\/startseite\/kreatives-wohnen\/deko\/osterei-mal-anders\/\">Osterei mal anders<\/a><\/li>\n<li><div class=\"wp-block-latest-posts__featured-image alignleft\"><img loading=\"lazy\" decoding=\"async\" width=\"2400\" height=\"1300\" src=\"https:\/\/madameplanb.de\/wp-content\/uploads\/2021\/03\/20210313_132602-2400x1300.jpg\" class=\"attachment-primer-hero size-primer-hero wp-post-image\" alt=\"\" style=\"\" \/><\/div><a class=\"wp-block-latest-posts__post-title\" href=\"https:\/\/madameplanb.de\/startseite\/kreatives-wohnen\/deko\/ostern-tischdeko\/\">Ostern &#8211; Tischdeko<\/a><\/li>\n<li><div class=\"wp-block-latest-posts__featured-image alignleft\"><img loading=\"lazy\" decoding=\"async\" width=\"2400\" height=\"1300\" src=\"https:\/\/madameplanb.de\/wp-content\/uploads\/2021\/01\/20210124_165314-2400x1300.png\" class=\"attachment-primer-hero size-primer-hero wp-post-image\" alt=\"\" style=\"\" \/><\/div><a class=\"wp-block-latest-posts__post-title\" href=\"https:\/\/madameplanb.de\/startseite\/kreatives-wohnen\/laptopstaender-industrial-design\/\">Laptopst\u00e4nder &#8211; industrial design<\/a><\/li>\n<li><div class=\"wp-block-latest-posts__featured-image alignleft\"><img loading=\"lazy\" decoding=\"async\" width=\"2400\" height=\"1300\" src=\"https:\/\/madameplanb.de\/wp-content\/uploads\/2021\/01\/20210117_121438-2-2400x1300.jpg\" class=\"attachment-primer-hero size-primer-hero wp-post-image\" alt=\"\" style=\"\" \/><\/div><a class=\"wp-block-latest-posts__post-title\" href=\"https:\/\/madameplanb.de\/startseite\/kreatives-wohnen\/upcycling\/der-stylischste-und-einfachste-schreibtisch\/\">Der stylischste und einfachste Schreibtisch<\/a><\/li>\n<li><div class=\"wp-block-latest-posts__featured-image alignleft\"><img loading=\"lazy\" decoding=\"async\" width=\"2400\" height=\"1300\" src=\"https:\/\/madameplanb.de\/wp-content\/uploads\/2021\/01\/20210110_110742-2400x1300.jpg\" class=\"attachment-primer-hero size-primer-hero wp-post-image\" alt=\"\" style=\"\" \/><\/div><a class=\"wp-block-latest-posts__post-title\" href=\"https:\/\/madameplanb.de\/startseite\/kreatives-wohnen\/deko\/lichtschale\/\">Lichtschale<\/a><\/li>\n<li><div class=\"wp-block-latest-posts__featured-image alignleft\"><img loading=\"lazy\" decoding=\"async\" width=\"2400\" height=\"1300\" src=\"https:\/\/madameplanb.de\/wp-content\/uploads\/2020\/12\/20201224_180315-2-2400x1300.jpg\" class=\"attachment-primer-hero size-primer-hero wp-post-image\" alt=\"\" style=\"\" \/><\/div><a class=\"wp-block-latest-posts__post-title\" href=\"https:\/\/madameplanb.de\/startseite\/kreatives-wohnen\/upcycling\/dosenlicht\/\">Dosenlichterspiel<\/a><\/li>\n<li><div class=\"wp-block-latest-posts__featured-image alignleft\"><img loading=\"lazy\" decoding=\"async\" width=\"2400\" height=\"1300\" src=\"https:\/\/madameplanb.de\/wp-content\/uploads\/2020\/12\/20201203_123329-2400x1300.jpg\" class=\"attachment-primer-hero size-primer-hero wp-post-image\" alt=\"\" style=\"\" \/><\/div><a class=\"wp-block-latest-posts__post-title\" href=\"https:\/\/madameplanb.de\/startseite\/kreatives-wohnen\/deko\/gruenlilie-selbst-ziehen\/\">Gr\u00fcnlilie selbst ziehen<\/a><\/li>\n<li><div class=\"wp-block-latest-posts__featured-image alignleft\"><img loading=\"lazy\" decoding=\"async\" width=\"2400\" height=\"1300\" src=\"https:\/\/madameplanb.de\/wp-content\/uploads\/2020\/12\/20201221_150845-2400x1300.jpg\" class=\"attachment-primer-hero size-primer-hero wp-post-image\" alt=\"\" style=\"\" \/><\/div><a class=\"wp-block-latest-posts__post-title\" href=\"https:\/\/madameplanb.de\/startseite\/geschenkideen\/teelichtbotschaften\/\">Teelichtbotschaften<\/a><\/li>\n<li><div class=\"wp-block-latest-posts__featured-image alignleft\"><img loading=\"lazy\" decoding=\"async\" width=\"2400\" height=\"1300\" src=\"https:\/\/madameplanb.de\/wp-content\/uploads\/2020\/12\/20210118_190224-2400x1300.jpg\" class=\"attachment-primer-hero size-primer-hero wp-post-image\" alt=\"\" style=\"\" \/><\/div><a class=\"wp-block-latest-posts__post-title\" href=\"https:\/\/madameplanb.de\/startseite\/geschenkideen\/personalisierte-brotzeitbretter-aus-holz\/\">Personalisierte Brotzeitbretter aus Holz<\/a><\/li>\n<li><a class=\"wp-block-latest-posts__post-title\" href=\"https:\/\/madameplanb.de\/startseite\/kreatives-wohnen\/deko\/wanduhr\/\">Personalisierte Wanduhr<\/a><\/li>\n<li><div class=\"wp-block-latest-posts__featured-image alignleft\"><img loading=\"lazy\" decoding=\"async\" width=\"2400\" height=\"1300\" src=\"https:\/\/madameplanb.de\/wp-content\/uploads\/2020\/12\/20201201_133632-2400x1300.jpg\" class=\"attachment-primer-hero size-primer-hero wp-post-image\" alt=\"\" style=\"\" \/><\/div><a class=\"wp-block-latest-posts__post-title\" href=\"https:\/\/madameplanb.de\/startseite\/geschenkideen\/persoenlicher-foto-kalender-mit-spruechen\/\">Pers\u00f6nlicher Foto-Kalender mit Spr\u00fcchen<\/a><\/li>\n<li><a class=\"wp-block-latest-posts__post-title\" href=\"https:\/\/madameplanb.de\/startseite\/kreatives-wohnen\/upcycling\/aus-alt-mach-neu-buerostuhl\/\">B\u00fcrostuhl<\/a><\/li>\n<li><a class=\"wp-block-latest-posts__post-title\" href=\"https:\/\/madameplanb.de\/startseite\/kreatives-wohnen\/upcycling\/aus-alt-mach-neu-stuehle\/\">Holzst\u00fchle<\/a><\/li>\n<li><div class=\"wp-block-latest-posts__featured-image alignleft\"><img loading=\"lazy\" decoding=\"async\" width=\"2400\" height=\"1300\" src=\"https:\/\/madameplanb.de\/wp-content\/uploads\/2020\/12\/20201204_175414-2-2400x1300.jpg\" class=\"attachment-primer-hero size-primer-hero wp-post-image\" alt=\"\" style=\"\" \/><\/div><a class=\"wp-block-latest-posts__post-title\" href=\"https:\/\/madameplanb.de\/startseite\/geschenkideen\/schluesselanhaenger-aus-holzscheiben\/\">Foto-Schl\u00fcsselanh\u00e4nger aus Holz<\/a><\/li>\n<\/ul>\n\n\n<p><\/p>\n","protected":false},"excerpt":{"rendered":"<p>Der DIY-Blog f\u00fcr au\u00dfergew\u00f6hnliche Ideen! Ich freu mich, dass du meinen Blog besuchst. Hier findest du DIY-Projekte jeglicher Art angefangen&hellip;<\/p>\n","protected":false},"author":1,"featured_media":0,"parent":0,"menu_order":0,"comment_status":"closed","ping_status":"closed","template":"","meta":{"footnotes":""},"class_list":["post-259","page","type-page","status-publish","hentry"],"_links":{"self":[{"href":"https:\/\/madameplanb.de\/startseite\/wp-json\/wp\/v2\/pages\/259","targetHints":{"allow":["GET"]}}],"collection":[{"href":"https:\/\/madameplanb.de\/startseite\/wp-json\/wp\/v2\/pages"}],"about":[{"href":"https:\/\/madameplanb.de\/startseite\/wp-json\/wp\/v2\/types\/page"}],"author":[{"embeddable":true,"href":"https:\/\/madameplanb.de\/startseite\/wp-json\/wp\/v2\/users\/1"}],"replies":[{"embeddable":true,"href":"https:\/\/madameplanb.de\/startseite\/wp-json\/wp\/v2\/comments?post=259"}],"version-history":[{"count":13,"href":"https:\/\/madameplanb.de\/startseite\/wp-json\/wp\/v2\/pages\/259\/revisions"}],"predecessor-version":[{"id":641,"href":"https:\/\/madameplanb.de\/startseite\/wp-json\/wp\/v2\/pages\/259\/revisions\/641"}],"wp:attachment":[{"href":"https:\/\/madameplanb.de\/startseite\/wp-json\/wp\/v2\/media?parent=259"}],"curies":[{"name":"wp","href":"https:\/\/api.w.org\/{rel}","templated":true}]}}